What is the value of -4 - 5 - (-10 - -8)?
-7
What is the value of 12 + -1 + (3 - 13)?
1
Calculate (-1 - (2 + 0)) + 0.
-3
(-9 + 14 - 4) + -4 + 0
-3
Evaluate 4 + 0 + 0 + -6.
-2
25 + -17 - (2 - (-5 + 4))
5
What is -5 - (-4 - (0 - (4 + -3)))?
-2
What is the value of -5 + (-4 - (-7 + (-2 - 0)))?
0
-3 + (4 + -2 - 1)
-2
What is -5 + (4 - -5 - (0 - 2))?
6
5 + (4 - 14) + 1
-4
Calculate -1 - ((0 - -3) + 1).
-5
5 - 2 - (4 + -7 - 0)
6
What is the value of -5 + (1 - (8 - 5))?
-7
What is the value of -6 + (1 - -1) + 6?
2
-7 + 0 - (-14 + 0 + 9)
-2
What is (-14 - 0) + 16 + -3 + 1?
0
What is the value of 4 + (6 - 2) + (4 - 8)?
4
What is the value of -1 + 9 + -3 - 7?
-2
Evaluate (-4 + -3 - -8) + (-2 - -4).
3
10 + -9 + (2 - 6)
-3
4 + -1 + -4 - (-8 + 9)
-2
What is -6 + 3 + -4 + 4 - -2?
-1
Evaluate -3 + -1 - (-24 - -28).
-8
What is -4 + 5 - 3 - -4?
2
What is (8 - 4) + 2 + (-8 - -2)?
0
What is the value of (2 - 3) + -1 + 4?
2
What is the value of 11 - (11 + -8) - 4?
4
Calculate -19 - -24 - (2 - 0).
3
Evaluate -1 - 0 - (-9 + 5 + 6).
-3
What is the value of (-2 - 4 - -19 - 3) + -6?
4
What is the value of 4 - (2 - 2 - (6 + -6))?
4
0 - (-8 - (-3 + -2))
3
-2 + 9 + 1 + -8
0
What is 0 - (-3 - (-5 + 1))?
-1
-4 + (-2 + -2 - -4) + 0
-4
What is the value of -1 + -4 - (-2 + -3 + 3)?
-3
What is the value of 7 + -3 + (-5 - 6)?
-7
Evaluate 3 - (-4 - 0) - 2.
5
What is the value of 2 - 0 - (8 + -3)?
-3
What is the value of 2 + -2 - (1 - (3 + -3))?
-1
What is the value of -9 + 5 + 7 + 7?
10
Calculate (-2 - -1) + (-22 - -20).
-3
Calculate 13 + -17 - (-4 + 4 + -1).
-3
What is 3 + 4 + -9 - 1?
-3
Evaluate (-8 - -6) + -1 + -1 + -1.
-5
What is -2 - (5 + -9 - -5)?
-3
What is -38 + 27 - (1 - 16)?
4
Evaluate 7 + (9 + -4 - 6).
6
Evaluate 7 + 1 + (-7 - (1 + -3)).
3
Evaluate -2 + -6 + 3 + 0 + 2.
-3
-3 - 0 - (5 - (8 - 0))
0
What is the value of (2 - 0) + (-9 - -11) + -3?
1
What is the value of (16 - (1 - -15)) + 5 + -1?
4
What is 10 - 0 - (156 - 137)?
-9
7 + -2 - (2 + -4 + 2)
5
-13 + 7 + 1 + (1 - 0)
-4
1 + 5 + (4 - -2 - 14)
-2
Evaluate (13 + -7 - 12) + 8.
2
(3 - (3 + -4)) + 1
5
0 + -4 + -16 + 5 + 12
-3
Calculate (-4 - 0) + 2 + -1.
-3
Evaluate -12 + -1 - -7 - 3.
-9
What is -15 + 9 + (6 - 1)?
-1
What is -8 - (-6 + (5 - 1))?
-6
4 - (-1 - -3 - -1)
1
Evaluate -3 - (-9 - (1 - 6)).
1
Evaluate 0 + (-5 - (3 + -13 + 5)).
0
Evaluate -10 + 0 + (-32 - -38).
-4
Evaluate (-1 - 2) + 4 + 0.
1
Calculate 1 + -1 + 3 + 5 + -4.
4
What is the value of (1 - 1) + 12 + -6?
6
Evaluate -2 + 3 + 5 + (-20 - -6).
-8
What is the value of 1 - -1 - (76 - 73)?
-1
What is the value of (-1 - (-9 - 0)) + -4 + 3?
7
8 + -2 + -4 + -3
-1
Calculate -6 + (-4 + 6 - 0).
-4
-12 + 1 + 23 + -9
3
Evaluate -1 + 5 + -3 + -2 + 0.
-1
What is the value of -6 - -3 - 0 - 5?
-8
Evaluate -2 - (-9 + 23 - 6).
-10
Evaluate (2 - 2) + (-31 - -30).
-1
Evaluate 2 - ((-9 - -16) + -2 + -2).
-1
-64 - -58 - (0 - (-3 - -2))
-7
Calculate -2 - ((-19 - -12) + (0 - -6)).
-1
What is 243 + -243 - (1 + -8 + 0)?
7
Calculate (9 - 10) + -3 + 0.
-4
What is -5 - (-20 - (-14 - -6))?
7
Calculate 8 + -8 - -8 - -1.
9
What is (7 - 8) + (5 - 0)?
4
Evaluate -2 - 0 - -6 - (58 + -56).
2
Calculate -1 + (6 + -10 - -7).
2
What is (5 + -7 + 5 - 2) + -7?
-6
What is the value of 7 + 4 + (0 - 0) + -5?
6
Evaluate (11 - 1 - 14) + -1 + 9.
4
What is the value of 0 + -1 + 1 + -10 + 7?
-3
10 + (-6 - 1) + -4
-1
Evaluate -2 + (2 - 5 - (-7 + 1)).
1
What is -21 - -26 - (1 + 6) - 6?
-8
What is (1 + 8 - 5) + -1?
3
Evaluate 1 + 2 + -2 + (-11 - -15).
5
Calculate (-8 - (-14 - 1)) + -9.
-2
Evaluate (-5 - -4 - -3) + -3.
-1
What is 7 - (6 + (-2 - (4 - 3)))?
4
Evaluate -74 + 76 + (0 + -2 - -4).
4
Evaluate 2 + (-1 - 2 - 6) - -3.
-4
4 - (-5 - -6) - (5 - 1)
-1
Calculate 0 + 10 - (12 - (3 - -3)).
4
What is (2 - 1 - -4) + -2?
3
Evaluate 6 + 10 + -30 + 8.
-6
What is the value of (-3 - (2 + 2 + -5)) + 3?
1
Evaluate 2 + 2 - (-2 - (-9 + -2)).
-5
Calculate -1 + 2 + 1 + -3.
-1
Calculate 1 - (-10 + 2) - (4 - -2).
3
(-1 - -4 - (12 - 15)) + -7
-1
Calculate 3 + -3 - (8 - (5 - -2)).
-1
What is the value of (-2 - -1) + (9 - 7)?
1
Calculate -9 - (-11 + 4 + (3 - -2)).
-7
Calculate (8 - 3) + -1 - 4.
0
Calculate -2 - (-1 + 5) - -8.
2
Evaluate 0 + -4 + 48 + -43.
1
Evaluate 5 + (7 - (-8 + 16)).
4
What is the value of -4 - ((11 - (1 + 4)) + -14)?
4
Evaluate (-2 - -3) + 2 + -29 + 22.
-4
-2 + -4 - -4 - (0 - 7)
5
Evaluate -1 + 0 - (3 - 8).
4
Evaluate 6 + -1 + 4 + -13.
-4
What is the value of -58 + 51 - (3 + -16)?
6
Evaluate -5 + 1 + 11 + -11 + 8.
4
Evaluate -9 + 7 + 7 + -4.
1
What is (-12 + -4 - -9) + 0?
-7
What is -17 - (3 + -12) - -1?
-7
Evaluate -3 + -1 + 9 + (2 - 3).
4
What is 7 - (2 + (-1 + 5 - 5))?
6
Evaluate -1 - (-2 - -2) - -5.
4
Evaluate -11 - ((-5 - -8) + -3 + -6).
-5
What is the value of -9 - (-1 + -7 + 4)?
-5
-3 + (3 - -1) + (-5 - -4)
0
What is the value of (0 - -2) + 4 + -5?
1
What is the value of 8 + -2 - 4 - (1 - -1)?
0
Calculate (3 - 3) + (-5 - -8).
3
Evaluate -6 - (-6 + (3 - 7) + 10).
-6
What is the value of (-2 - -4 - 4) + 7?
5
-2 - (-6 + 6 - -1)
-3
What is the value of 1 - (0 - -4) - -2?
-1
What is (-17 - -20) + (1 - 0)?
4
What is the value of -6 + 10 + -5 - -4?
3
Calculate (-3 - -1) + 4 - (-1 - 0).
3
What is the value of 1 + -3 - (-1 + 13 - 12)?
-2
Evaluate -2 - (-3 + -5) - 5 - -5.
6
Evaluate -21 + 18 + (-4 - -17).
10
Evaluate (8 - 13) + (4 - -1) - 4.
-4
Calculate -1 - (3 - (1 + 2)) - 0.
-1
-3 - (2 - (7 + -2))
0
(-11 - (-6 + 7)) + 9
-3
Calculate -5 + -1 + 6 + (2 - 6).
-4
What is the value of 3 + -1 - ((-3 - -7) + -4)?
2
What is 4 - 6 - -8 - 9?
-3
Evaluate -4 - (0 - -8) - -11.
-1
Evaluate 7 + (-1 - (3 - -1)).
2
What is -7 + -1 - (-3 - (2 - 0))?
-3
(4 - 1 - 4) + -3 + -2
-6
Evaluate (-18 - -11) + (5 - -3).
1
Calculate (-2 - -5) + -2 - (17 - 14).
-2
Evaluate -4 - (2 - -6 - 14).
2
12 + -3 - (-4 + 7)
6
Calculate -3 + 6 + 5 + -5.
3
4 + 4 + -7 - (-3 + -1)
5
What is the value of (16 - 1) + (22 - 35)?
2
Calculate (1 - (-2 - 3)) + 0.
6
Calculate -6 - (2 + -5) - -2.
-1
Evaluate (-2 - -2) + (-1 - -4) + -4.
-1
Calculate -2 + 10 + -5 + 2.
5
Evaluate (111 - 100) + -12 + 1.
0
-1 + (1 - 6) + 4
-2
5 + 1 + 21 + -29
-2
Calculate 11 + (5 - (15 + -5) - 0).
6
Calculate -9 + 6 + 0 + 0.
-3
What is the value of 14 - (12 - 9) - 9?
2
-3 + -2 - -7 - -2
4
Calculate (1 - 1 - 10) + 9.
-1
What is the value of 11 - (4 - 7) - 7 - 5?
2
(-8 - (6 + -9)) + (1 - -5)
1
Calculate 24 + -30 + (3 + -3 - 3).
-9
What is the value of -1 - 4 - (-8 + 9)?
-6
What is 0 + -2 + (0 + 6 - 4)?
0
What is 5 + -2 - -5 - 2?
6
4 - (6 + (3 + -4 - 2))
1
Calculate (-5 + 4 - (3 + -1)) + -1.
-4
Calculate (-3 - 1) + 10 + -4 + -12.
-10
What is the value of (-2 - -1) + (-60 - -54)?
-7
Calculate -5 + 0 - (3 + -9 - -4).
-3
Calculate (0 - -1 - 2) + 0 + 2.
1
Evaluate -68 + 65 + (0 - 1 - -2).
-2
-2 - ((-1 - 6 - -10) + -8)
3
0 + -2 - (5 - (6 - 3))
-4
(0 - -4 - 3) + -13 - -3
-9
Calculate -5 + (1 - (5 - 5)).
-4
What is the value of 5 - (14 + -2) - (-2 + 0)?
-5
(-8 - -3) + 2 + 0 + -2
-5
Evaluate 7 - (-2 + 11) - -10.
8
(-5 + 8 + -7 - -5) + -7
-6
What is the value of -14 + 22 + (-3 - 0)?
5
What is (0 - 17) + -3 + 13?
-7
Calculate -2 + (2 - 0) + 5.
5
Calculate -14 + 9 + (8 - 0).
3
Evaluate 5 + -1 + (1 - 0).
5
1 - (7 - (-2 - -3))
-5
What is the value of (1 - (-1 - 2)) + -8?
-4
What is 3 + (20 + -17 - (-1 + 4))?
3
What is 7 + -4 + -7 + (0 - -3)?
-1
What is the value of (-7 + 10 - -5) + -16?
-8
Calculate (1 - -2) + 1 + 1 + -4.
1
-2 + (1 + 2 - 9) + 7
-1
What is -5 + 0 - (-46 - -39)?
2
What is -6 - (2 - 2) - (-11 + 10)?
-5
What is (-2 - 0) + -19 + 15?
-6
Evaluate 2 - (-4 + 7) - -4.
3
Evaluate 9 - 8 - 2 - 2.
-3
What is 1 - 11 - (-10 + 3)?
-3
What is (-14 - -5) + 3 + -1?
-7
What is the value of 20 - (6 + 3) - 10?
1
What is the value of 8 + (-5 - (-2 - -5 - 0))?
0
Calculate (0 - 1 - -4) + (3 - 7).
-1
Evaluate (4 + -7 - -2) + -2.
-3
Evaluate -3 - ((1 - 0) + -8 + 2).
2
What is 4 - (0 + 2 + -1 - -3)?
0
What is -1 - -2 - 0 - (0 + -1)?
2
Evaluate -5 - (0 - 4 - 1).
0
What is the value of -10 - 0 - (-4 - 2)?
-4
Evaluate 3 + -11 + -1 + 3.
-6
Calculate -3 - (1 - (1 + 2)) - -4.
3
What is the value of 5 + (5 + -13 - (4 - 2))?
-5
Calculate 15 - (10 - 6 - -4).
7
What is the value of (-5 - 0) + -1 - -1?
-5
Evaluate -2 + (-5 - -6 - 0).
-1
Evaluate 4 + -13 - (-30 - -16).
5
What is the value of (-4 - -6) + 2 - 9?
-5
Wh